{"id":13474,"date":"2021-05-11T11:58:15","date_gmt":"2021-05-11T09:58:15","guid":{"rendered":"https:\/\/caux-telecom.fr\/?page_id=13474"},"modified":"2025-12-09T14:17:04","modified_gmt":"2025-12-09T13:17:04","slug":"brouillon-auto","status":"publish","type":"page","link":"https:\/\/caux-telecom.fr\/?page_id=13474","title":{"rendered":"Centrex"},"content":{"rendered":"\t\t<div data-elementor-type=\"wp-page\" data-elementor-id=\"13474\" class=\"elementor elementor-13474\">\n\t\t\t\t\t\t<section class=\"elementor-section elementor-top-section elementor-element elementor-element-0865729 elementor-section-boxed elementor-section-height-default elementor-section-height-default\" data-id=\"0865729\" data-element_type=\"section\">\n\t\t\t\t\t\t<div class=\"elementor-container elementor-column-gap-default\">\n\t\t\t\t\t<div class=\"elementor-column elementor-col-50 elementor-top-column elementor-element elementor-element-3ea9bc5 elementor-invisible\" data-id=\"3ea9bc5\" data-element_type=\"column\" data-settings=\"{&quot;animation&quot;:&quot;fadeInLeft&quot;}\">\n\t\t\t<div class=\"elementor-widget-wrap elementor-element-populated\">\n\t\t\t\t\t\t<div class=\"elementor-element elementor-element-6d12096 elementor-widget elementor-widget-heading\" data-id=\"6d12096\" data-element_type=\"widget\" data-widget_type=\"heading.default\">\n\t\t\t\t<div class=\"elementor-widget-container\">\n\t\t\t\t\t<h2 class=\"elementor-heading-title elementor-size-default\">L'offre centrex Unyc<\/h2>\t\t\t\t<\/div>\n\t\t\t\t<\/div>\n\t\t\t\t<div class=\"elementor-element elementor-element-7bd0dfe elementor-widget elementor-widget-text-editor\" data-id=\"7bd0dfe\" data-element_type=\"widget\" data-widget_type=\"text-editor.default\">\n\t\t\t\t<div class=\"elementor-widget-container\">\n\t\t\t\t\t\t\t\t\t<p>Le&nbsp;Centrex&nbsp;Unyc est une solution de t\u00e9l\u00e9phonie fixe \u00e0 destination des entreprises de toute taille qui souhaitent une solution de communication simple et \u00e9volutive, leur permettant de g\u00e9rer leur t\u00e9l\u00e9phonie en toute autonomie.<br>\nCette solution permet, au-del\u00e0 de l\u2019acheminement des communications t\u00e9l\u00e9phoniques via un lien IP&nbsp;et des fonctionnalit\u00e9s de communications unifi\u00e9es avanc\u00e9es, l\u2019acc\u00e8s \u00e0 une interface d\u2019administration performante et des options de s\u00e9curisation.<\/p>\t\t\t\t\t\t\t\t<\/div>\n\t\t\t\t<\/div>\n\t\t\t\t<div class=\"elementor-element elementor-element-831f245 elementor-widget elementor-widget-heading\" data-id=\"831f245\" data-element_type=\"widget\" data-widget_type=\"heading.default\">\n\t\t\t\t<div class=\"elementor-widget-container\">\n\t\t\t\t\t<h2 class=\"elementor-heading-title elementor-size-default\">\u00c0 savoir<\/h2>\t\t\t\t<\/div>\n\t\t\t\t<\/div>\n\t\t\t\t<div class=\"elementor-element elementor-element-6878269 elementor-widget elementor-widget-text-editor\" data-id=\"6878269\" data-element_type=\"widget\" data-widget_type=\"text-editor.default\">\n\t\t\t\t<div class=\"elementor-widget-container\">\n\t\t\t\t\t\t\t\t\t<p>La\u00a0t\u00e9l\u00e9phonie Centrex, \u00e9galement connue sous le nom de t\u00e9l\u00e9phonie h\u00e9berg\u00e9, t\u00e9l\u00e9phonie dans le cloud, t\u00e9l\u00e9phonie sur IP ou encore t\u00e9l\u00e9phonie VoIP, est un syst\u00e8me de\u00a0t\u00e9l\u00e9phonie fixe sans contrainte\u00a0et\u00a0\u00e9conomique\u00a0:<\/p><p>Elle ne n\u00e9cessite qu\u2019un\u00a0acc\u00e8s internet\u00a0pour fonctionner. Contrairement \u00e0 la t\u00e9l\u00e9phonie traditionnelle, reposant sur l\u2019h\u00e9bergement d\u2019un PABX au sein de l\u2019entreprise, la t\u00e9l\u00e9phonie Centrex est h\u00e9berg\u00e9e chez\u00a0Unyc.\u00a0La t\u00e9l\u00e9phonie Centrex est donc\u00a0cl\u00e9 en main\u00a0et\u00a0simple \u00e0 d\u00e9ployer\u00a0:<\/p><p>Il vous suffit de raccorder vos t\u00e9l\u00e9phones \u00e0 votre acc\u00e8s internet pour\u00a0communiquer sans limite, tout en\u00a0ma\u00eetrisant vos d\u00e9penses.<\/p>\t\t\t\t\t\t\t\t<\/div>\n\t\t\t\t<\/div>\n\t\t\t\t<div class=\"elementor-element elementor-element-b2dde1c elementor-widget elementor-widget-heading\" data-id=\"b2dde1c\" data-element_type=\"widget\" data-widget_type=\"heading.default\">\n\t\t\t\t<div class=\"elementor-widget-container\">\n\t\t\t\t\t<h2 class=\"elementor-heading-title elementor-size-default\">Offre Centrex Unyc<\/h2>\t\t\t\t<\/div>\n\t\t\t\t<\/div>\n\t\t\t\t<div class=\"elementor-element elementor-element-7ef6b91 elementor-widget elementor-widget-text-editor\" data-id=\"7ef6b91\" data-element_type=\"widget\" data-widget_type=\"text-editor.default\">\n\t\t\t\t<div class=\"elementor-widget-container\">\n\t\t\t\t\t\t\t\t\t<ul><li>Interfaces utilisateurs et administrateurs simples d\u2019utilisation et riches en fonctionnalit\u00e9s.<\/li><li>Plateforme eqinoxe haute disponibilit\u00e9 d\u00e9ploy\u00e9e et maintenue par nos propres \u00e9quipes techniques.<\/li><\/ul>\t\t\t\t\t\t\t\t<\/div>\n\t\t\t\t<\/div>\n\t\t\t\t\t<\/div>\n\t\t<\/div>\n\t\t\t\t<div class=\"elementor-column elementor-col-50 elementor-top-column elementor-element elementor-element-5d3ca74 elementor-invisible\" data-id=\"5d3ca74\" data-element_type=\"column\" data-settings=\"{&quot;animation&quot;:&quot;fadeInRight&quot;}\">\n\t\t\t<div class=\"elementor-widget-wrap elementor-element-populated\">\n\t\t\t\t\t\t<div class=\"elementor-element elementor-element-c027873 elementor-widget elementor-widget-image\" data-id=\"c027873\" data-element_type=\"widget\" data-widget_type=\"image.default\">\n\t\t\t\t<div class=\"elementor-widget-container\">\n\t\t\t\t\t\t\t\t\t\t\t\t\t\t\t<img fetchpriority=\"high\" decoding=\"async\" width=\"776\" height=\"1024\" src=\"https:\/\/caux-telecom.fr\/wp-content\/uploads\/2021\/05\/Slide1-776x1024-1.jpg\" class=\"attachment-large size-large wp-image-13475\" alt=\"\" srcset=\"https:\/\/caux-telecom.fr\/wp-content\/uploads\/2021\/05\/Slide1-776x1024-1.jpg 776w, https:\/\/caux-telecom.fr\/wp-content\/uploads\/2021\/05\/Slide1-776x1024-1-227x300.jpg 227w, https:\/\/caux-telecom.fr\/wp-content\/uploads\/2021\/05\/Slide1-776x1024-1-768x1013.jpg 768w, https:\/\/caux-telecom.fr\/wp-content\/uploads\/2021\/05\/Slide1-776x1024-1-265x350.jpg 265w\" sizes=\"(max-width: 776px) 100vw, 776px\" \/>\t\t\t\t\t\t\t\t\t\t\t\t\t\t\t<\/div>\n\t\t\t\t<\/div>\n\t\t\t\t\t<\/div>\n\t\t<\/div>\n\t\t\t\t\t<\/div>\n\t\t<\/section>\n\t\t\t\t<\/div>\n\t\t","protected":false},"excerpt":{"rendered":"<p>L&rsquo;offre centrex Unyc Le&nbsp;Centrex&nbsp;Unyc est une solution de t\u00e9l\u00e9phonie fixe \u00e0 destination des entreprises de toute taille qui souhaitent une solution de communication simple et \u00e9volutive, leur permettant de g\u00e9rer leur t\u00e9l\u00e9phonie en toute autonomie. Cette solution permet, au-del\u00e0 de l\u2019acheminement des communications t\u00e9l\u00e9phoniques via un lien IP&nbsp;et des fonctionnalit\u00e9s &hellip;<\/p>\n","protected":false},"author":3,"featured_media":0,"parent":0,"menu_order":0,"comment_status":"closed","ping_status":"closed","template":"","meta":{"footnotes":""},"class_list":["post-13474","page","type-page","status-publish","hentry"],"_links":{"self":[{"href":"https:\/\/caux-telecom.fr\/index.php?rest_route=\/wp\/v2\/pages\/13474","targetHints":{"allow":["GET"]}}],"collection":[{"href":"https:\/\/caux-telecom.fr\/index.php?rest_route=\/wp\/v2\/pages"}],"about":[{"href":"https:\/\/caux-telecom.fr\/index.php?rest_route=\/wp\/v2\/types\/page"}],"author":[{"embeddable":true,"href":"https:\/\/caux-telecom.fr\/index.php?rest_route=\/wp\/v2\/users\/3"}],"replies":[{"embeddable":true,"href":"https:\/\/caux-telecom.fr\/index.php?rest_route=%2Fwp%2Fv2%2Fcomments&post=13474"}],"version-history":[{"count":12,"href":"https:\/\/caux-telecom.fr\/index.php?rest_route=\/wp\/v2\/pages\/13474\/revisions"}],"predecessor-version":[{"id":14984,"href":"https:\/\/caux-telecom.fr\/index.php?rest_route=\/wp\/v2\/pages\/13474\/revisions\/14984"}],"wp:attachment":[{"href":"https:\/\/caux-telecom.fr\/index.php?rest_route=%2Fwp%2Fv2%2Fmedia&parent=13474"}],"curies":[{"name":"wp","href":"https:\/\/api.w.org\/{rel}","templated":true}]}}